-2359971. Is k a composite number?
True
Let w(o) = 253*o**2 + 4*o + 4. Suppose -4*u - 42 - 98 = 0. Let h = -36 - u. Is w(h) prime?
False
Suppose 463*d - 5*t - 420986 = 461*d, -t = 4*d - 842016. Is d a prime number?
False
Is (-483714)/(-2) + 68 + -82 prime?
False
Suppose 1128028 = n + f, 0 = -n + 51*f - 55*f + 1128019. Is n a composite number?
False
Let o = 16 - 13. Suppose f - 1919 = -3*w, 0 = 5*w - o - 2. Is (1 - -11)/(-4) + f composite?
False
Suppose -5*y = 5*z - 3*z, y = 3*z. Suppose 2*v - 5*o = 1650, -4*v + 0*o - 4*o + 3328 = z. Suppose -4*r = 3*t - 1776, 2634 = 4*r - 4*t + v. Is r composite?
True
Let u = -42 + 44. Let j be ((-5)/2)/((-1)/u). Suppose c - 3*f + 63 - 385 = 0, -4*c + 1309 = -j*f. Is c a composite number?
False
Let u(v) = 4751*v**3 + v**2 + v - 2. Let h(a) = 3*a**2 - 18*a + 25. Let t be h(4). Is u(t) a prime number?
True
Let b be ((-4)/(-12))/((-4)/(-12)) - -5. Suppose 2*d - 16 = -b*d. Is (-330)/(-4)*d - 4/2 a composite number?
False
Let o(d) = 3*d + 4*d - 12*d - 10 + 6*d. Let z be o(8). Is (-10416)/(-9) + z/(-12)*-2 composite?
True
Let m(u) = 7*u**3 + 24*u**2 + 94*u - 37. Let l(b) = 6*b**3 + 25*b**2 + 94*b - 37. Let w(j) = -6*l(j) + 5*m(j). Is w(-36) prime?
True
Let y = 403 - 391. Is 289526/14 + y*8/168 a prime number?
True
Let k = 73 + -125. Let h = k + 47. Let g(u) = -3*u**3 - 7*u**2 - 8*u - 5. Is g(h) composite?
True
Let s = -2326233 - -3813120. Is s a composite number?
True
Suppose 4*k = 5*v - 12, -4*v - 4*k + 22 = -k. Suppose 2405 = v*b - 1943. Is b composite?
False
Suppose 4*p + 12 - 40 = 0. Let m(k) = -k**3 + 7*k**2 - k + 10. Let x be m(p). Suppose -1310 = -5*u + 3*r, -2*u + 1350 = x*u + 5*r. Is u prime?
False
Let x(j) = -1799*j + 224. Suppose 12 = -c - 5*g, 25 = -3*c - 10*g + 6*g. Is x(c) composite?
True
Suppose -4*o = 0, z + 4*o - 1564868 = -527955. Is z composite?
False
Let g be 20/15 + (-455)/(-3). Let x(f) = -f**2 - 53 + 2*f + 111 - g*f**3 - 55. Is x(-2) prime?
False
Let b(s) be the third derivative of 43*s**7/1680 - 13*s**6/720 - s**5/10 + s**3/2 - 16*s**2. Let r(z) be the third derivative of b(z). Is r(10) prime?
True
Is -32*25188779/(-2464)*(1 + 1 - 1) a prime number?
True
Let y(l) = 3*l**3 - 11*l**2 + 10*l - 3. Let p be ((-1)/(-4))/(1/116). Let n = p - 22. Is y(n) prime?
True
Let b(s) = -s**3 - 17*s**2 - s - 10. Let c be b(-17). Let q(d) = 1537 - 3033 + 507*d + 1518. Is q(c) a prime number?
True
Let o = -277149 - -801760. Is o a prime number?
False
Let q(l) = -144*l - 15. Let v be q(-6). Suppose 0 = i - 836 - v. Is i prime?
False
Let m be (-58680)/14 - -1*3/7. Let v = m + 15704. Is v a composite number?
True
Let d be (0 + 42)*368/24. Let h be 5/(-3)*(-12 + (-63)/(-7)). Suppose -4*q + 837 + d = s, 0 = -h*q + 4*s + 1867. Is q composite?
True
Suppose -4*a + 88407 + 552241 = 3*f, -a + 160179 = 5*f. Is a a composite number?
False
Let r be (-10 - 19)*-109*7. Suppose r = -10*a + 17*a. Is a composite?
True
Let k(o) = -203*o**2 + 4. Let b be (-24)/20*20/6. Let g(d) = -202*d**2 - d + 4. Let s(h) = b*g(h) + 3*k(h). Is s(1) prime?
True
Suppose 3*w = -4*g - 3 + 13, 3*w + 26 = 5*g. Is g*1 + -40 + 1769 a prime number?
True
Let f(u) = -u**2 - 3*u - 9. Let j(x) = -3*x**2 - 10*x - 26. Let i(o) = -11*f(o) + 4*j(o). Let p be i(-2). Let a(l) = 4*l**2 - 3. Is a(p) a prime number?
True
Let o = 26 - 20. Suppose 3*j = o*j - j. Let n(u) = -u**3 + 3*u**2 + u + 4645. Is n(j) a prime number?
False
Suppose 86*o + 1087046 = n + 81*o, -4*n - 3*o = -4348391. Is n a composite number?
False
Let t = 47612 - 33373. Suppose -58*r + t = -25839. Is r a composite number?
False
Let o = 452 - 200. Suppose -o*u + 245*u + 1022 = 0. Is u composite?
True
Let f(w) = -w**2 + 6*w + 23. Let x be f(9). Let i be (-21)/(-6) - (x + 36/8). Suppose 4*m - 1279 = 2*m + i*d, 1284 = 2*m + 2*d. Is m prime?
True
Let t(g) = -2 - 120*g - 10 + 605*g + 2. Let l be t(13). Suppose l = 5*f + 3*d, f = 2*f - 2*d - 1259. Is f a composite number?
False
Let b = 3 + 1. Suppose -2*u + 501 = 5*s, b*u + 11*s - 6*s - 1007 = 0. Is u a composite number?
True
Suppose 4*n - 2*i = 76692, 4*n + 4*i - 49749 = 26931. Suppose -477 = 4*x + 5*q - 19653, 4*x = -4*q + n. Is x composite?
False
Let t = 59 - 55. Suppose -2*k = -6, -3*x + 2619 = t*k - 8*k. Is x a composite number?
False
Let s(m) be the first derivative of m**4/4 - 19*m**3/3 + 11*m**2 + 21*m + 511. Suppose 3*j - j = 36. Is s(j) prime?
False
Let s = 1502 - -17081. Is s prime?
True
Let z(d) = -d + 26. Let c be z(-16). Let k(g) = 13*g**2 + 60*g - 71. Is k(c) composite?
True
Let n be 6/(-15)*20/(-2). Let o = 115 - -676. Suppose n*l - 1868 = -4*j, -2*l = -3*j + 610 + o. Is j a composite number?
False
Suppose 0 = -3*k + 5*k + h - 673171, h = -3*k + 1009757. Is k prime?
False
Suppose 51*g = 24*g + 24*g + 5906955. Is g a composite number?
True
Let j(k) = 403*k**2 + 108*k - 12. Is j(-11) a composite number?
False
Suppose 0 = -5*z - 4*l + 25587, 1 = -l - 1. Suppose 1971 = 10*t - z. Is t a prime number?
True
Suppose -17 = m + 3*f, 3*m - 2*f + 31 = -7*f. Is -2*m/(-8) - 49878/(-68) prime?
True
Let h(c) = -6*c - 38. Let t be h(-7). Suppose -5*b - 12 = 3*p, -4*b - p = t*p + 20. Suppose 12*m + b*m = 2472. Is m a prime number?
False
Let n = 33 - 31. Let c(k) = -5*k**3 - 27*k + 36*k - k**2 - n*k**2 - 2*k**2 - 12. Is c(-5) composite?
False
Let p(n) = 2*n + 19. Let y(a) = -4*a - 37. Let r(m) = -7*p(m) - 4*y(m). Let s be r(5). Suppose 29*i - s*i - 100 = 0. Is i prime?
False
Suppose 2*o = -34 + 34. Let k(z) = 3*z + 8. Let s be k(o). Suppose 0 = -s*t + 1133 + 4395. Is t a composite number?
False
Suppose -u + 3*o = -17821, -7*u + 35618 = -5*u + 2*o. Let n = u + -10949. Is n a prime number?
True
Let l(z) = 62*z + 1. Let f be l(12). Let o = 20 + 62. Suppose -4*t + f = 3*p + o, 3*p = t + 663. Is p composite?
True
Suppose 2*o - 85 = -3*o. Suppose -15*y - 112 = -o*y. Suppose -57*h = -y*h - 139. Is h a composite number?
False
Suppose 3*n - 3*j = -18, -2*j + 7 = -2*n + j. Let x(l) = l**3 + 10*l**2 - 13*l - 18. Let z be x(n). Is z/(-22) + (334804/(-44))/(-1) a prime number?
False
Let l be (-314)/(-20)*-2*5*-1. Suppose -10*y + 213 + l = 0. Is y a composite number?
False
Suppose 10*j - 45280194 - 9647269 = -63*j. Is j prime?
True
Let r(m) = -m**3 - 6*m**2 - 8*m - 788. Is r(-27) composite?
False
Suppose -13*o + 25671 = -160931. Is o a composite number?
True
Let c(a) = 4*a**2 + 51*a + 31. Let m be c(-13). Is 221738/m + -2*1/4 prime?
True
Suppose 0 = -12*j + 157712 - 1484. Is j a composite number?
True
Suppose 0*t = 6*t - 14940. Suppose -20*m = -23*m + t. Suppose 3*j + 5*v + 226 = m, -5*j - v + 1014 = 0. Is j composite?
True
Suppose -150*m + 75689292 = -65625015 - 71667243. Is m composite?
False
Suppose 63*f = 5146640 + 1012933. Is f a composite number?
False
Suppose -p + 4*s - 9 = 0, -5*p - 3 = -3*s - 9. Suppose -2364 = -3*r + p*k, 0 = 5*r + 5*k - 5295 + 1325. Is r a composite number?
True
Let x(f) = 3613*f**2 + 25*f - 1049. Is x(-21) composite?
True
Let o be (-2 - (-2 + -4))*5/(-10). Let l(f) = -2978*f - 12. Let n be l(o). Suppose 0*h - 8*h + n = 0. Is h prime?
True
Suppose -2*l + 199702 = 2*a, 24*a = 20*a + 3*l + 399383. Suppose 0 = 77*k - 85*k + a. Is k a composite number?
True
Suppose -66*q + 161*q - 112370465 = 0. Is q composite?
False
Let y(z) = z**2 + 145*z + 354619. Is y(0) composite?
False
Let g = 63 + -34. Let i = 277 + g. Suppose -2*q + i = 3*v - 594, 5*q + v - 2237 = 0. Is q a composite number?
True
Suppose -44*r + 4032259 + 6406723 = -26748542. Is r a prime number?
False
Let k = 77613 + -45330. Let w = -20902 + k. Is w a prime number?
False
Let p(a) = -53717*a + 1187. Is p(-10) a composite number?
False
Let u be 6/(-21) + 14261260/70. Let k = -132619 + u. Is k a composite number?
True
Let z = 112 - 90. Let y = 393 - z. Is y prime?
False
Suppose 3*y + 3*j = 0, 5*y - 5*j = 12 + 28. Suppose 0 = -y*i + 14 - 6. Suppose 0 = -i*r - 3*r + 1025. Is r composite?
True
Let q = -363 - -751. Suppose 144 = r - 3*p, 6*r - 3*r = -2*p + q. Let d = -79 + r. Is d prime?
True
Suppose -3*g + 126595 = 2*s, -213*g + 253200 = 4*s - 217*g. Is s a prime number?
True
Suppose m - 18 = -15. Suppose 0*o = -4*c - 3*o + 15244, -c + m*o = -3811. Is c prime?
False
Suppose 5*m = 2*m - 4359. Let z be (99/(-12) + 3)/((-9)/(-5136)). Let s = m - z. Is s a prime number?
True
Suppose -y + 69334 = 4